
-1
Let a(u) = 1 - 2*u**2 + 4*u - u + u**2. Let p be 48/(-20)*20/6. Let k = -3 - p. Give a(k).
-9
Let w(l) = l**3 - 5*l**2 + 4*l - 1. Let q = -31 - -23. Let f(t) = t**3 + 7*t**2 - 9*t - 4. Let a be f(q). Give w(a).
-1
Let h(b) = b**3 - 3*b**2 - 2*b + 3. Let q be h(3). Let d(u) = -2*u**2 + 6*u + 6. Let a(c) = -c**2 + c + 1. Let m(w) = 3*a(w) - d(w). What is m(q)?
-3
Let f(z) = -3*z**3 - 1. Let k = 6 - 8. Let l be k/3*15/(-10). Calculate f(l).
-4
Let u = 38 - 34. Let c(p) = -p**3 + 6*p**2 - 4*p - 5. What is c(u)?
11
Let m be (-12)/(-2) - (-11 + 14). Let g(w) = -m*w - 2*w + 4*w. Let o = -2 - 0. Give g(o).
2
Let i(o) = o**3 - 7*o**2 - 2. Let m(h) = -4*h - 1. Let j = 13 - 15. Let q be m(j). Calculate i(q).
-2
Let h(i) be the third derivative of -i**4/24 + i**3 - 10*i**2. Give h(0).
6
Let o(q) be the third derivative of 4*q**5/15 + q**4/12 + q**3/6 - 2*q**2 - 1. Give o(-1).
15
Let f(l) = -l**3 + l - 3. Suppose -5 - 1 = -2*m. Let n = -3 + m. Give f(n).
-3
Let t(y) = -y**2 + 4*y + 3. Let b be t(3). Let m(n) = -2*n**3 - 9*n + 4*n - n - 3 + 3*n**3 - 5*n**2. Calculate m(b).
-3
Let w(l) be the third derivative of 0 + 1/6*l**4 - l**2 + 0*l + 0*l**3. Let c = 1 - 2. What is w(c)?
-4
Let w be 9/3 + (0 - 8). Let z(b) = 0*b - 2*b + 3*b + 4. Calculate z(w).
-1
Let g(y) = y**2 - 11*y + 5. Let o(m) = 5*m**2 - 55*m + 25. Let a(u) = -11*g(u) + 2*o(u). Give a(10).
5
Suppose z - 12 = -5*z. Let m(r) = -r**2 - r + 1. Determine m(z).
-5
Let w(y) = 3*y + 9. Suppose -11 = -k + 5*h, -3*k + 2*k + 4*h + 7 = 0. Let s be -9 - k/(12/4). What is w(s)?
-9
Let d(n) be the second derivative of -5*n**4/12 + n**3/6 + 8*n. Determine d(1).
-4
Let f(l) be the second derivative of l**3/3 - 7*l. Give f(4).
8
Let w(i) = i**2 - i. Let q(p) = 4*p + 2*p**2 + 10*p**3 - 4*p**2 + 0*p**2 - 1. Let f(u) = q(u) + 4*w(u). What is f(1)?
11
Let n = -13 + 15. Let y(g) = g**2 - 2*g. Calculate y(n).
0
Let f(k) = 2*k**2 - 15*k**2 + 14*k**2 - 8*k + 6. Let b be 7*(-1 - 0 - 0). Let i(y) = -y - 1. Let t be i(b). Calculate f(t).
-6
Let n(r) = -11*r**3 + 9*r**2 - 6*r - 2. Let c(d) = -7*d**3 + 6*d**2 - 4*d - 1. Let s(j) = 8*c(j) - 5*n(j). What is s(2)?
2
Let q(x) be the first derivative of x**2/2 + 6*x + 23. Determine q(-7).
-1
Let f(a) = -a + 1. Let p(o) = 4*o - 2. Let y be p(2). Let s be f(y). Let k(h) = h**3 + h - 6 + 3*h + 6*h**2 + h. Calculate k(s).
-6
Let s(o) be the second derivative of -o**3/2 + 3*o**2/2 - o. Let x be s(3). Let a(u) be the first derivative of -u**2/2 - 6*u + 67. Determine a(x).
0
Let c(l) be the first derivative of -l**3/3 - 3*l**2/2 + 2*l - 27. What is c(-4)?
-2
Let h be ((-150)/8)/(-3)*4. Suppose -3*f = -8*f + h. Let k(m) be the third derivative of -m**4/24 + m**3/2 + 5*m**2. Calculate k(f).
-2
Let m(h) be the first derivative of -h**2 + 2*h - 5. Determine m(-4).
10
Let g(h) be the first derivative of h**3/3 - 3*h - 2. Let i = 308 + -308. Give g(i).
-3
Let v(u) = -u**2 - 8*u - 10. Suppose 3*n + 15 = 2*t, 4*n = t - 26 + 1. What is v(n)?
-3
Let x(u) = -u**2 + 11*u - 13. Let z be x(9). Let g(k) = -k**3 + 4*k**2 + 4*k - 1. Calculate g(z).
-6
Suppose d + 3*d + 16 = 0. Let w(i) = 7*i**3 + 5*i**2 + 8*i + 12. Let b(n) = 3*n**3 + 3*n**2 + 4*n + 6. Let k(y) = -5*b(y) + 2*w(y). Calculate k(d).
-6
Let u = -31 - -30. Let n(s) = 4*s - 1. Calculate n(u).
-5
Let o(y) = 3*y**3 - 2*y**2 + y. Suppose -2*m + 6 = -0. Suppose -m = 3*k - 6. Calculate o(k).
2
Let j(r) = -r**3 + r**2 - 1. Let q(o) = -7*o**3 + 10*o**2 + 4*o - 7. Let z(c) = -6*j(c) + q(c). Calculate z(5).
-6
Suppose 0 = 4*v - 15 - 1. Let h(c) = -v*c**2 + 0*c**3 - 4 - c**3 + 0*c**2 + 4*c - c. What is h(-5)?
6
Let o(x) = x**2 - x - 5. Let g = 21 - 17. Calculate o(g).
7
Let z(s) = 4*s**3 - s**2 + 1. Let y be z(1). Let x(c) be the third derivative of -1/2*c**3 + 0 - 2*c**2 + 5/24*c**y + 0*c + 1/60*c**5. What is x(-5)?
-3
Let f(l) = -5 - 6*l + 2 - 7*l**2 - 5*l**3 - l**3. Let i(t) be the first derivative of -t**4/4 - 11. Let v(w) = f(w) - 5*i(w). Determine v(-6).
-3
Let t(s) = -s + 12. Let z be t(9). Let f(j) be the first derivative of -1/2*j**2 + 1 + 0*j - 2/3*j**z. Determine f(-1).
-1
Let g = 21 + -19. Let w(b) = b**2 - 1. What is w(g)?
3
Let i be 7/2 - (-3)/(-6). Let u(p) = 17*p - 44*p - p**2 + 13*p - 1 + 15*p. Give u(i).
-7
Let t(k) = k**3 + 12*k**2 + 10*k - 9. Let n be t(-11). Let s(y) = -y + 2. Calculate s(n).
0
Let c(u) = u - 2. Let p = 6 - 2. Let t be c(p). Let i(x) = 3*x - x**3 + 4 + x**2 - 1 - t*x**2 - 2. Calculate i(-2).
-1
Let y(k) = 3*k**2 - 21*k - 4. Let c(m) = -m**2 + 7*m + 1. Let b(s) = 11*c(s) + 4*y(s). Determine b(7).
-5
Let a = 2 + 3. Suppose a*l = 5*b - 1 - 4, 4*b = -3*l - 24. Let j(u) = -u**3 - 5*u**2 - 5*u + 2. What is j(l)?
6
Let x(b) = 6*b**3 + 8*b**2 + 6*b + 10. Let c(a) = -a**3 - 1. Let t(h) = -5*c(h) - x(h). Calculate t(-7).
-12
Let g = -44 + 41. Let m(y) = y**2 + 5*y. Determine m(g).
-6
Suppose 2 = -3*u - 1. Let k(d) be the second derivative of -d**4/3 + d**3/6 + d**2/2 + d. What is k(u)?
-4
Let h(w) = -w**3 + 5*w**2 + 3*w - 10. Let r be h(5). Let z(f) = f**2 - f - 3. Determine z(r).
17
Let j(h) be the third derivative of -h**6/120 + h**5/30 + h**4/8 + 13*h**2. Determine j(3).
0
Let t(n) = 5*n**2 - 1 + 0 - 23*n**3 + 22*n**3. Calculate t(5).
-1
Let y be (1 - 2) + -5 + 11. Let g(o) = o**3 - 4*o**2 - 4*o - 7. Calculate g(y).
-2
Let l(w) = w**2 + w - 1. Let p(f) = 7*f**2 - 3*f. Let q(y) = 6*l(y) - p(y). Calculate q(7).
8
Let w = 31 + -38. Let s = w + 13. Let y(v) be the first derivative of v**4/4 - 2*v**3 + v**2 - 6*v - 1. Calculate y(s).
6
Let m(k) be the first derivative of k**4/4 - 4*k**3/3 - k**2/2 + 42. Give m(4).
-4
Let o(t) = -t**2 + 6*t + 1. Suppose 20 = 4*h + h. Give o(h).
9
Suppose 0 = 5*g + 5*k, -5*g - 3*k + 3 = k. Let n(d) = d + g + 3 - 7 + d**2. Let c = -2 - -2. Determine n(c).
-1
Let u be 3/(1*3/(-3)). Let c(a) be the third derivative of -a**4/6 - a**3/2 - 10*a**2. Determine c(u).
9
Let k(y) = -2*y - 6. Let w(q) be the third derivative of q**4/12 + q**3 - q**2. Let z be 30/9*(-12)/(-8). Let x(t) = z*w(t) + 6*k(t). Give x(-5).
4
Let t(l) = -7*l - 7. Let o(c) = -7*c - 6. Let g(p) = 7*o(p) - 6*t(p). Determine g(-1).
7
Let l be 2*(-1 + 6/2). Let v(t) = -13*t**2 + 21*t - 3. Let k(n) = -3*n**2 + 5*n - 1. Let q(o) = -9*k(o) + 2*v(o). Give q(l).
7
Let s(a) = a**3 - a + 21. Let p be s(0). Suppose -3*d + 24 = 3*o + 2*o, 2*o = -5*d + p. Let v(y) be the first derivative of y**2/2 - 3*y + 3. Calculate v(d).
0
Let t(q) = 1 + q**2 - q + 1 - 4*q + 3. Let w be t(5). Let d(l) = l**3 - 6*l**2 + 3*l + 3. What is d(w)?
-7
Let a(n) = 5*n**3 + 3*n**2 - 3*n - 18. Let r(g) = -3*g**3 - 2*g**2 + 2*g + 12. Let u(x) = -5*a(x) - 8*r(x). Let s be (0/(-1) + 0)/1. Let l = 0 + s. Give u(l).
-6
Let t(v) = -12*v**2 + 16 + 4*v**2 - 16*v - 4*v**2 - 5*v**3 - 5*v**2. Let r(d) = -d**3 - 4*d**2 - 4*d + 4. Let g(k) = 9*r(k) - 2*t(k). Give g(3).
1
Let p(d) = -2*d - 6. Let w be p(-4). Suppose -w*o = -5*o + 12. Let i(h) be the second derivative of h**4/6 - h**3 + h**2 - 2*h. Calculate i(o).
10
Let w(j) = -2*j - 8. Suppose 0 = -22*i + 23*i + 6. What is w(i)?
4
Let j(y) = -y**2 - 7*y - 5. Suppose -5*t - 125 = -0*t. Let f be ((-10)/t)/((-1)/10). Determine j(f).
7
Let p be 1566/(-290) - (6/10 - 0). Let q(m) = m**2 + 9*m + 5. Calculate q(p).
-13
Let s(q) = -2*q - 6. Suppose 5*y - 4*v + 7 + 6 = 0, -3*y = 4*v + 27. Determine s(y).
4
Let m(h) = h. Let u be m(3). Let v = -1 + u. Let r(f) = 3*f + f**2 - f**3 + 1 - 4 + 0*f**2 + f**v. Give r(3).
-3
Let a(r) = r**2 + 5*r. Suppose 4 = -4*z, 3*y = z + z + 17. Let o be (3/(-1) + 3)*-1. Suppose -3*m + y*m + 8 = o. Determine a(m).
-4
Let s be 0/3 - 0 - 1. Let n = 5 - s. Let i be ((-6)/9)/(2/n). Let l(g) = -4*g - 3. Calculate l(i).
5
Let s(z) = -z - 6. Let d(m) = m + 6. Suppose 2*x + 2*x = 28. Let c(w) = x*d(w) + 6*s(w). Suppose -y + 8 = -2*p, -2*y - 33 = 5*p + 2*y. Give c(p).
1
Let v(c) be the second derivative of c + 1/24*c**4 + 0 - c**2 + 1/60*c**5 - 1/6*c**3. Let y(t) be the first derivative of v(t). Calculate y(1).
1
Let v(s) = 2899*s**2 - 2900*s**2 - 7 - 6*s + 1. Calculate v(-6).
-6
Suppose 2*y + 10 = 4*y. Let s(a) = y*a**3 - 3 + 0*a**3 + 2 - 2*a**3. Give s(-1).
-4
Let h(q) = -q**2 - 8*q - 11. Let j = 80 - 88. Calculate h(j).
-11
Suppose -5*m = y - 16, -4*m + 0*y - 4*y = 0. Let b(t) = -5 - 4*t**2 + 5 + t**3 - 4 + 6. Gi